{"id":227,"date":"2024-08-30T13:32:15","date_gmt":"2024-08-30T11:32:15","guid":{"rendered":"https:\/\/www.isse.ruhr-uni-bochum.de\/d-ai-y\/?page_id=227"},"modified":"2024-09-02T17:02:59","modified_gmt":"2024-09-02T15:02:59","slug":"betriebliche-umsetzung","status":"publish","type":"page","link":"https:\/\/www.isse.ruhr-uni-bochum.de\/d-ai-y\/betriebliche-umsetzung\/","title":{"rendered":"Betriebliche Umsetzung"},"content":{"rendered":"\n<div class=\"wp-block-cover alignfull has-nv-site-bg-color has-text-color has-link-color wp-elements-124ba83a4e3107b293b6503a9772e51a wp-duotone-unset-1\" style=\"min-height:342px;aspect-ratio:unset;\"><span aria-hidden=\"true\" class=\"wp-block-cover__background has-background-dim-60 has-background-dim\" style=\"background-color:#474971\"><\/span><img fetchpriority=\"high\" decoding=\"async\" width=\"1792\" height=\"1024\" class=\"wp-block-cover__image-background wp-image-306\" alt=\"\" src=\"https:\/\/www.isse.ruhr-uni-bochum.de\/d-ai-y\/wp-content\/uploads\/sites\/8\/2024\/07\/betriebl_umsetzung.webp\" data-object-fit=\"cover\" srcset=\"https:\/\/www.isse.ruhr-uni-bochum.de\/d-ai-y\/wp-content\/uploads\/sites\/8\/2024\/07\/betriebl_umsetzung.webp 1792w, https:\/\/www.isse.ruhr-uni-bochum.de\/d-ai-y\/wp-content\/uploads\/sites\/8\/2024\/07\/betriebl_umsetzung-300x171.webp 300w, https:\/\/www.isse.ruhr-uni-bochum.de\/d-ai-y\/wp-content\/uploads\/sites\/8\/2024\/07\/betriebl_umsetzung-1024x585.webp 1024w, https:\/\/www.isse.ruhr-uni-bochum.de\/d-ai-y\/wp-content\/uploads\/sites\/8\/2024\/07\/betriebl_umsetzung-768x439.webp 768w, https:\/\/www.isse.ruhr-uni-bochum.de\/d-ai-y\/wp-content\/uploads\/sites\/8\/2024\/07\/betriebl_umsetzung-1536x878.webp 1536w\" sizes=\"(max-width: 1792px) 100vw, 1792px\" \/><div class=\"wp-block-cover__inner-container is-layout-flow wp-block-cover-is-layout-flow\">\n<h1 class=\"wp-block-heading alignwide has-text-align-center has-nv-light-bg-color has-text-color has-x-large-font-size\"><strong>Betriebliche Umsetzung <\/strong>der AIaaS-basierten Dienstleistungen<\/h1>\n<\/div><\/div>\n\n\n\n<div style=\"height:61px\" aria-hidden=\"true\" class=\"wp-block-spacer\"><\/div>\n\n\n\n<p>Die Anwendungspartner m\u00f6chten im Rahmen des Verbundvorhabens AIaaS-Angebote als Ressourcen nutzen, um ihr eigenes Gesch\u00e4ftsmodell durch neue datenbasierte Dienstleistungen zu erweitern.<\/p>\n\n\n\n<div style=\"height:12px\" aria-hidden=\"true\" class=\"wp-block-spacer\"><\/div>\n\n\n\n<h2 class=\"wp-block-heading\">Anwendungspartner<\/h2>\n\n\n\n<hr class=\"wp-block-separator has-alpha-channel-opacity\" \/>\n\n\n\n<div class=\"wp-block-columns has-nv-light-bg-background-color has-background is-layout-flex wp-container-core-columns-is-layout-9d6595d7 wp-block-columns-is-layout-flex\">\n<div class=\"wp-block-column is-vertically-aligned-center is-layout-flow wp-block-column-is-layout-flow\" style=\"flex-basis:33.33%\"><div class=\"wp-block-image\">\n<figure class=\"aligncenter size-full is-resized\"><img decoding=\"async\" width=\"275\" height=\"64\" data-src=\"https:\/\/www.isse.ruhr-uni-bochum.de\/d-ai-y\/wp-content\/uploads\/sites\/8\/2024\/09\/acp-removebg-preview.png\" alt=\"\" class=\"wp-image-407 lazyload\" style=\"--smush-placeholder-width: 275px; --smush-placeholder-aspect-ratio: 275\/64;width:201px\" src=\"data:image\/svg+xml;base64,PHN2ZyB3aWR0aD0iMSIgaGVpZ2h0PSIxIiB4bWxucz0iaHR0cDovL3d3dy53My5vcmcvMjAwMC9zdmciPjwvc3ZnPg==\" \/><\/figure>\n<\/div><\/div>\n\n\n\n<div class=\"wp-block-column is-layout-flow wp-block-column-is-layout-flow\" style=\"flex-basis:60%\">\n<div style=\"height:50px\" aria-hidden=\"true\" class=\"wp-block-spacer\"><\/div>\n\n\n\n<div class=\"wp-block-columns is-layout-flex wp-container-core-columns-is-layout-9d6595d7 wp-block-columns-is-layout-flex\">\n<div class=\"wp-block-column is-vertically-aligned-center is-layout-flow wp-block-column-is-layout-flow\">\n<h4 class=\"wp-block-heading\">acp systems AG<\/h4>\n\n\n\n<hr class=\"wp-block-separator has-alpha-channel-opacity\" \/>\n\n\n\n<p>Die acp systems AG strebt an, sich in den wettbewerbsintensiven M\u00e4rkten der Photovoltaik-, Elektronik-, Batterie- und Automobilindustrie durch KI-basierte vorausschauende Instandhaltung (Predictive Maintenance) zu differenzieren. Ziel ist es, langfristige Kundenbindungen zu st\u00e4rken, indem sie AIaaS-Angebote nutzen, um den Zugang zu KI-L\u00f6sungen zu erleichtern und innovative, nachhaltige Produktionsl\u00f6sungen anzubieten.<\/p>\n<\/div>\n<\/div>\n<\/div>\n<\/div>\n\n\n\n<div style=\"height:42px\" aria-hidden=\"true\" class=\"wp-block-spacer\"><\/div>\n\n\n\n<div class=\"wp-block-columns has-nv-light-bg-background-color has-background is-layout-flex wp-container-core-columns-is-layout-33c3c840 wp-block-columns-is-layout-flex\" style=\"padding-top:var(--wp--preset--spacing--70);padding-right:0;padding-bottom:var(--wp--preset--spacing--70);padding-left:0\">\n<div class=\"wp-block-column is-vertically-aligned-center is-layout-flow wp-block-column-is-layout-flow\" style=\"flex-basis:33.33%\"><div class=\"wp-block-image\">\n<figure class=\"aligncenter size-full is-resized\"><img decoding=\"async\" width=\"957\" height=\"261\" data-src=\"https:\/\/www.isse.ruhr-uni-bochum.de\/d-ai-y\/wp-content\/uploads\/sites\/8\/2024\/09\/logo_bmindustrial-removebg-preview.png\" alt=\"\" class=\"wp-image-405 lazyload\" style=\"--smush-placeholder-width: 957px; --smush-placeholder-aspect-ratio: 957\/261;width:306px;height:auto\" data-srcset=\"https:\/\/www.isse.ruhr-uni-bochum.de\/d-ai-y\/wp-content\/uploads\/sites\/8\/2024\/09\/logo_bmindustrial-removebg-preview.png 957w, https:\/\/www.isse.ruhr-uni-bochum.de\/d-ai-y\/wp-content\/uploads\/sites\/8\/2024\/09\/logo_bmindustrial-removebg-preview-300x82.png 300w, https:\/\/www.isse.ruhr-uni-bochum.de\/d-ai-y\/wp-content\/uploads\/sites\/8\/2024\/09\/logo_bmindustrial-removebg-preview-768x209.png 768w\" data-sizes=\"(max-width: 957px) 100vw, 957px\" src=\"data:image\/svg+xml;base64,PHN2ZyB3aWR0aD0iMSIgaGVpZ2h0PSIxIiB4bWxucz0iaHR0cDovL3d3dy53My5vcmcvMjAwMC9zdmciPjwvc3ZnPg==\" \/><\/figure>\n<\/div><\/div>\n\n\n\n<div class=\"wp-block-column is-vertically-aligned-center is-layout-flow wp-block-column-is-layout-flow\" style=\"flex-basis:60%\">\n<div class=\"wp-block-columns is-layout-flex wp-container-core-columns-is-layout-9d6595d7 wp-block-columns-is-layout-flex\">\n<div class=\"wp-block-column is-vertically-aligned-center is-layout-flow wp-block-column-is-layout-flow\">\n<h4 class=\"wp-block-heading\">B &amp; M Industrial Services GmbH<\/h4>\n\n\n\n<hr class=\"wp-block-separator has-alpha-channel-opacity\" \/>\n\n\n\n<p>Die B&amp;M Industrial Services GmbH plant, ihr Fachwissen in Anlagentechnik und Prozessoptimierung effizient an Kunden zu vermitteln und dabei Ressourcen zu schonen. Im Rahmen eines Verbundprojekts soll eine AIaaS-basierte Dienstleistung in das Gesch\u00e4ftsmodell integriert werden, um Expertenwissen zur Optimierung und Automatisierung von Anlageneinstellungen zu nutzen und die Qualit\u00e4t des Anlagenoutputs kontinuierlich zu verbessern.<\/p>\n<\/div>\n<\/div>\n<\/div>\n<\/div>\n\n\n\n<div style=\"height:45px\" aria-hidden=\"true\" class=\"wp-block-spacer\"><\/div>\n\n\n\n<div class=\"wp-block-columns has-nv-light-bg-background-color has-background is-layout-flex wp-container-core-columns-is-layout-9d6595d7 wp-block-columns-is-layout-flex\">\n<div class=\"wp-block-column is-vertically-aligned-center is-layout-flow wp-block-column-is-layout-flow\" style=\"flex-basis:33.33%\"><div class=\"wp-block-image\">\n<figure class=\"aligncenter size-full is-resized\"><img decoding=\"async\" width=\"150\" height=\"150\" data-src=\"https:\/\/www.isse.ruhr-uni-bochum.de\/d-ai-y\/wp-content\/uploads\/sites\/8\/2024\/09\/Motionminers-edited-150x150-removebg-preview.png\" alt=\"\" class=\"wp-image-403 lazyload\" style=\"--smush-placeholder-width: 150px; --smush-placeholder-aspect-ratio: 150\/150;width:142px;height:auto\" data-srcset=\"https:\/\/www.isse.ruhr-uni-bochum.de\/d-ai-y\/wp-content\/uploads\/sites\/8\/2024\/09\/Motionminers-edited-150x150-removebg-preview.png 150w, https:\/\/www.isse.ruhr-uni-bochum.de\/d-ai-y\/wp-content\/uploads\/sites\/8\/2024\/09\/Motionminers-edited-150x150-removebg-preview-45x45.png 45w\" data-sizes=\"(max-width: 150px) 100vw, 150px\" src=\"data:image\/svg+xml;base64,PHN2ZyB3aWR0aD0iMSIgaGVpZ2h0PSIxIiB4bWxucz0iaHR0cDovL3d3dy53My5vcmcvMjAwMC9zdmciPjwvc3ZnPg==\" \/><\/figure>\n<\/div><\/div>\n\n\n\n<div class=\"wp-block-column is-layout-flow wp-block-column-is-layout-flow\" style=\"flex-basis:60%\">\n<div style=\"height:50px\" aria-hidden=\"true\" class=\"wp-block-spacer\"><\/div>\n\n\n\n<div class=\"wp-block-columns is-layout-flex wp-container-core-columns-is-layout-9d6595d7 wp-block-columns-is-layout-flex\">\n<div class=\"wp-block-column is-vertically-aligned-center is-layout-flow wp-block-column-is-layout-flow\">\n<h4 class=\"wp-block-heading\">MotionMiners GmbH<\/h4>\n\n\n\n<hr class=\"wp-block-separator has-alpha-channel-opacity\" \/>\n\n\n\n<p>Die MotionMiners GmbH plant, ihr projektbasiertes Gesch\u00e4ftsmodell durch die Entwicklung eines neuen, Cloud-basierten Produkts zu erweitern. Dieses Produkt soll Bewegungsdaten in Echtzeit verarbeiten und prozessrelevante Kennzahlen f\u00fcr externe und interne Kunden anbieten. Ziel ist die kontinuierliche Verarbeitung gro\u00dfer Datenmengen von mehreren Ger\u00e4ten, unterst\u00fctzt durch AIaaS-L\u00f6sungen f\u00fcr hohe Verf\u00fcgbarkeit und Skalierbarkeit.<\/p>\n<\/div>\n<\/div>\n<\/div>\n<\/div>\n\n\n\n<div style=\"height:44px\" aria-hidden=\"true\" class=\"wp-block-spacer\"><\/div>\n\n\n\n<div class=\"wp-block-columns has-nv-light-bg-background-color has-background is-layout-flex wp-container-core-columns-is-layout-9d6595d7 wp-block-columns-is-layout-flex\">\n<div class=\"wp-block-column is-vertically-aligned-center is-layout-flow wp-block-column-is-layout-flow\" style=\"flex-basis:33.33%\"><div class=\"wp-block-image\">\n<figure class=\"aligncenter size-full is-resized\"><img loading=\"lazy\" decoding=\"async\" width=\"217\" height=\"58\" src=\"https:\/\/www.isse.ruhr-uni-bochum.de\/d-ai-y\/wp-content\/uploads\/sites\/8\/2024\/07\/3_logo_Reuschling.svg\" alt=\"\" class=\"wp-image-229\" style=\"aspect-ratio:0.92;width:264px;height:auto\" \/><\/figure>\n<\/div><\/div>\n\n\n\n<div class=\"wp-block-column is-layout-flow wp-block-column-is-layout-flow\" style=\"flex-basis:60%\">\n<div style=\"height:50px\" aria-hidden=\"true\" class=\"wp-block-spacer\"><\/div>\n\n\n\n<div class=\"wp-block-columns is-layout-flex wp-container-core-columns-is-layout-9d6595d7 wp-block-columns-is-layout-flex\">\n<div class=\"wp-block-column is-vertically-aligned-center is-layout-flow wp-block-column-is-layout-flow\">\n<h4 class=\"wp-block-heading\">Alstom Reuschling Service GmbH &amp; Co. KG<\/h4>\n\n\n\n<hr class=\"wp-block-separator has-alpha-channel-opacity\" \/>\n\n\n\n<p>Alstom Reuschling Service GmbH &amp; Co. KG plant, ineffiziente und kostenintensive zeitbasierte Wartungsprozesse durch die Einf\u00fchrung einer zustandsbasierten Instandhaltung f\u00fcr Schienenfahrzeuge zu verbessern. Dies soll durch eine AlaaS-basierte Predictive Maintenance L\u00f6sung erreicht werden, die k\u00fcnstliche Intelligenz nutzt. Die Effizienzsteigerung durch datenbasierte Dienstleistungen zur vorausschauenden Instandhaltung (Predictive Maintenance) steht dabei im Mittelpunkt. Sie wollen AIaaS-L\u00f6sungen nutzen, um Wartungskosten zu senken, die Betriebszeit zu verbessern, die Ersatzteilbeschaffung zu optimieren und die Sicherheit zu erh\u00f6hen. Durch kontinuierliche \u00dcberwachung der Schienenfahrzeugkomponenten k\u00f6nnen Wartungsarbeiten effizienter und wirtschaftlicher geplant werden.<\/p>\n<\/div>\n<\/div>\n<\/div>\n<\/div>\n\n\n\n<div style=\"height:50px\" aria-hidden=\"true\" class=\"wp-block-spacer\"><\/div>\n\n\n\n<h2 class=\"wp-block-heading\">Implementierungspartner<\/h2>\n\n\n\n<hr class=\"wp-block-separator has-alpha-channel-opacity\" \/>\n\n\n\n<div class=\"wp-block-columns has-nv-light-bg-background-color has-background is-layout-flex wp-container-core-columns-is-layout-9d6595d7 wp-block-columns-is-layout-flex\">\n<div class=\"wp-block-column is-vertically-aligned-center is-layout-flow wp-block-column-is-layout-flow\" style=\"flex-basis:33.33%\"><div class=\"wp-block-image\">\n<figure class=\"aligncenter size-full\"><img decoding=\"async\" width=\"300\" height=\"38\" data-src=\"https:\/\/www.isse.ruhr-uni-bochum.de\/d-ai-y\/wp-content\/uploads\/sites\/8\/2024\/09\/actiware-300x38-removebg-preview.png\" alt=\"\" class=\"wp-image-408 lazyload\" src=\"data:image\/svg+xml;base64,PHN2ZyB3aWR0aD0iMSIgaGVpZ2h0PSIxIiB4bWxucz0iaHR0cDovL3d3dy53My5vcmcvMjAwMC9zdmciPjwvc3ZnPg==\" style=\"--smush-placeholder-width: 300px; --smush-placeholder-aspect-ratio: 300\/38;\" \/><\/figure>\n<\/div><\/div>\n\n\n\n<div class=\"wp-block-column is-layout-flow wp-block-column-is-layout-flow\" style=\"flex-basis:60%\">\n<div style=\"height:50px\" aria-hidden=\"true\" class=\"wp-block-spacer\"><\/div>\n\n\n\n<div class=\"wp-block-columns is-layout-flex wp-container-core-columns-is-layout-9d6595d7 wp-block-columns-is-layout-flex\">\n<div class=\"wp-block-column is-vertically-aligned-center is-layout-flow wp-block-column-is-layout-flow\">\n<h4 class=\"wp-block-heading\">ACTIWARE Development GmbH<\/h4>\n\n\n\n<hr class=\"wp-block-separator has-alpha-channel-opacity\" \/>\n\n\n\n<p>Die ACTIWARE Development GmbH zielt darauf ab, fr\u00fchzeitig Trends in der betrieblichen Softwarelandschaft zu erkennen und in ihr Angebot zu integrieren. Im Rahmen eines Verbundprojekts m\u00f6chte ACT AIaaS-basierte Dienstleistungen prototypisch implementieren und pilotieren. Der Fokus liegt auf der Erweiterung bestehender Softwarel\u00f6sungen durch generative KI-Modelle und -Algorithmen, wie ChatGPT, um KMU bei der Monetarisierung von AIaaS zu unterst\u00fctzen. ACT strebt an, Expertise in der konzeptionellen und technischen Integration von AIaaS aufzubauen und ihre Kunden entsprechend zu unterst\u00fctzen.<\/p>\n<\/div>\n<\/div>\n<\/div>\n<\/div>\n\n\n\n<div style=\"height:42px\" aria-hidden=\"true\" class=\"wp-block-spacer\"><\/div>\n\n\n\n<p><\/p>\n","protected":false},"excerpt":{"rendered":"<p>Die Anwendungspartner m\u00f6chten im Rahmen des Verbundvorhabens AIaaS-Angebote als Ressourcen nutzen, um ihr eigenes Gesch\u00e4ftsmodell durch neue datenbasierte Dienstleistungen zu erweitern. Anwendungspartner acp systems AG Die acp systems AG strebt an, sich in den wettbewerbsintensiven M\u00e4rkten der Photovoltaik-, Elektronik-, Batterie- und Automobilindustrie durch KI-basierte vorausschauende Instandhaltung (Predictive Maintenance) zu differenzieren. Ziel ist es, langfristige Kundenbindungen&hellip;&nbsp;<\/p>\n","protected":false},"author":1,"featured_media":0,"parent":0,"menu_order":0,"comment_status":"closed","ping_status":"closed","template":"","meta":{"inline_featured_image":false,"neve_meta_sidebar":"","neve_meta_container":"","neve_meta_enable_content_width":"","neve_meta_content_width":0,"neve_meta_title_alignment":"","neve_meta_author_avatar":"","neve_post_elements_order":"","neve_meta_disable_header":"off","neve_meta_disable_footer":"","neve_meta_disable_title":"on","footnotes":""},"class_list":["post-227","page","type-page","status-publish","hentry"],"_links":{"self":[{"href":"https:\/\/www.isse.ruhr-uni-bochum.de\/d-ai-y\/wp-json\/wp\/v2\/pages\/227","targetHints":{"allow":["GET"]}}],"collection":[{"href":"https:\/\/www.isse.ruhr-uni-bochum.de\/d-ai-y\/wp-json\/wp\/v2\/pages"}],"about":[{"href":"https:\/\/www.isse.ruhr-uni-bochum.de\/d-ai-y\/wp-json\/wp\/v2\/types\/page"}],"author":[{"embeddable":true,"href":"https:\/\/www.isse.ruhr-uni-bochum.de\/d-ai-y\/wp-json\/wp\/v2\/users\/1"}],"replies":[{"embeddable":true,"href":"https:\/\/www.isse.ruhr-uni-bochum.de\/d-ai-y\/wp-json\/wp\/v2\/comments?post=227"}],"version-history":[{"count":28,"href":"https:\/\/www.isse.ruhr-uni-bochum.de\/d-ai-y\/wp-json\/wp\/v2\/pages\/227\/revisions"}],"predecessor-version":[{"id":430,"href":"https:\/\/www.isse.ruhr-uni-bochum.de\/d-ai-y\/wp-json\/wp\/v2\/pages\/227\/revisions\/430"}],"wp:attachment":[{"href":"https:\/\/www.isse.ruhr-uni-bochum.de\/d-ai-y\/wp-json\/wp\/v2\/media?parent=227"}],"curies":[{"name":"wp","href":"https:\/\/api.w.org\/{rel}","templated":true}]}}