{"id":364,"date":"2024-08-30T11:53:38","date_gmt":"2024-08-30T09:53:38","guid":{"rendered":"https:\/\/www.isse.ruhr-uni-bochum.de\/d-ai-y\/?page_id=364"},"modified":"2024-09-02T16:06:03","modified_gmt":"2024-09-02T14:06:03","slug":"kontakt","status":"publish","type":"page","link":"https:\/\/www.isse.ruhr-uni-bochum.de\/d-ai-y\/kontakt\/","title":{"rendered":"Kontakt"},"content":{"rendered":"<div class=\"wp-block-image\">\n<figure class=\"alignright size-large is-resized\"><img fetchpriority=\"high\" decoding=\"async\" width=\"1024\" height=\"683\" src=\"https:\/\/www.isse.ruhr-uni-bochum.de\/d-ai-y\/wp-content\/uploads\/sites\/8\/2024\/09\/2019_10_23_KM_Luftbilder-15-1-1024x683.jpg\" alt=\"\" class=\"wp-image-398\" style=\"aspect-ratio:1.502248875562219;width:596px;height:auto\" srcset=\"https:\/\/www.isse.ruhr-uni-bochum.de\/d-ai-y\/wp-content\/uploads\/sites\/8\/2024\/09\/2019_10_23_KM_Luftbilder-15-1-1024x683.jpg 1024w, https:\/\/www.isse.ruhr-uni-bochum.de\/d-ai-y\/wp-content\/uploads\/sites\/8\/2024\/09\/2019_10_23_KM_Luftbilder-15-1-300x200.jpg 300w, https:\/\/www.isse.ruhr-uni-bochum.de\/d-ai-y\/wp-content\/uploads\/sites\/8\/2024\/09\/2019_10_23_KM_Luftbilder-15-1-768x512.jpg 768w, https:\/\/www.isse.ruhr-uni-bochum.de\/d-ai-y\/wp-content\/uploads\/sites\/8\/2024\/09\/2019_10_23_KM_Luftbilder-15-1-1536x1024.jpg 1536w, https:\/\/www.isse.ruhr-uni-bochum.de\/d-ai-y\/wp-content\/uploads\/sites\/8\/2024\/09\/2019_10_23_KM_Luftbilder-15-1-930x620.jpg 930w\" sizes=\"(max-width: 1024px) 100vw, 1024px\" \/><\/figure>\n<\/div>\n\n\n<h2 class=\"wp-block-heading\">Anschrift des Lehrstuhls<\/h2>\n\n\n\n<p>Ruhr-Universit\u00e4t Bochum<br>Fakult\u00e4t f\u00fcr Maschinenbau<br>Lehrstuhl f\u00fcr Industrial Sales and Service Engineering<br>Geb\u00e4ude IC 1-129<br>Universit\u00e4tsstr. 150<br>D-44801 Bochum<\/p>\n\n\n\n<p>Telefon:&nbsp;+49 234 32-26388<br>Fax: +49 234 32-14280<br>E-Mail:&nbsp;<a href=\"mailto:isse@ruhr-uni-bochum.de\">isse@ruhr-uni-bochum.de<\/a><\/p>\n\n\n\n<p><\/p>\n\n\n\n<p><\/p>\n","protected":false},"excerpt":{"rendered":"<p>Anschrift des Lehrstuhls Ruhr-Universit\u00e4t BochumFakult\u00e4t f\u00fcr MaschinenbauLehrstuhl f\u00fcr Industrial Sales and Service EngineeringGeb\u00e4ude IC 1-129Universit\u00e4tsstr. 150D-44801 Bochum Telefon:&nbsp;+49 234 32-26388Fax: +49 234 32-14280E-Mail:&nbsp;isse@ruhr-uni-bochum.de<\/p>\n","protected":false},"author":1,"featured_media":0,"parent":0,"menu_order":0,"comment_status":"closed","ping_status":"closed","template":"","meta":{"inline_featured_image":false,"neve_meta_sidebar":"","neve_meta_container":"","neve_meta_enable_content_width":"","neve_meta_content_width":0,"neve_meta_title_alignment":"","neve_meta_author_avatar":"","neve_post_elements_order":"","neve_meta_disable_header":"","neve_meta_disable_footer":"","neve_meta_disable_title":"","footnotes":""},"class_list":["post-364","page","type-page","status-publish","hentry"],"_links":{"self":[{"href":"https:\/\/www.isse.ruhr-uni-bochum.de\/d-ai-y\/wp-json\/wp\/v2\/pages\/364","targetHints":{"allow":["GET"]}}],"collection":[{"href":"https:\/\/www.isse.ruhr-uni-bochum.de\/d-ai-y\/wp-json\/wp\/v2\/pages"}],"about":[{"href":"https:\/\/www.isse.ruhr-uni-bochum.de\/d-ai-y\/wp-json\/wp\/v2\/types\/page"}],"author":[{"embeddable":true,"href":"https:\/\/www.isse.ruhr-uni-bochum.de\/d-ai-y\/wp-json\/wp\/v2\/users\/1"}],"replies":[{"embeddable":true,"href":"https:\/\/www.isse.ruhr-uni-bochum.de\/d-ai-y\/wp-json\/wp\/v2\/comments?post=364"}],"version-history":[{"count":6,"href":"https:\/\/www.isse.ruhr-uni-bochum.de\/d-ai-y\/wp-json\/wp\/v2\/pages\/364\/revisions"}],"predecessor-version":[{"id":428,"href":"https:\/\/www.isse.ruhr-uni-bochum.de\/d-ai-y\/wp-json\/wp\/v2\/pages\/364\/revisions\/428"}],"wp:attachment":[{"href":"https:\/\/www.isse.ruhr-uni-bochum.de\/d-ai-y\/wp-json\/wp\/v2\/media?parent=364"}],"curies":[{"name":"wp","href":"https:\/\/api.w.org\/{rel}","templated":true}]}}