{"id":32,"date":"2022-03-03T08:38:10","date_gmt":"2022-03-03T07:38:10","guid":{"rendered":"https:\/\/www.isse.ruhr-uni-bochum.de\/ruhr-school-of-design-thinking\/?page_id=32"},"modified":"2024-06-03T11:00:31","modified_gmt":"2024-06-03T09:00:31","slug":"projekt-details","status":"publish","type":"page","link":"https:\/\/www.isse.ruhr-uni-bochum.de\/ruhr-school-of-design-thinking\/projekt-details\/","title":{"rendered":"Mentoring"},"content":{"rendered":"\n<div class=\"wp-block-cover alignfull\" style=\"min-height:300px;aspect-ratio:unset;\"><span aria-hidden=\"true\" class=\"wp-block-cover__background has-nv-dark-bg-background-color has-background-dim-100 has-background-dim\"><\/span><div class=\"wp-block-cover__inner-container is-layout-flow wp-block-cover-is-layout-flow\">\n<div style=\"height:80px\" aria-hidden=\"true\" class=\"wp-block-spacer\"><\/div>\n\n\n\n<h2 class=\"wp-block-heading has-text-align-center has-nv-text-dark-bg-color has-text-color\">MentorInn<\/h2>\n\n\n\n<h4 class=\"wp-block-heading has-text-align-center\">Interdisziplin\u00e4res <strong>Mentor<\/strong>ing f\u00fcr <strong>Inn<\/strong>ovation<\/h4>\n\n\n\n<figure class=\"wp-block-embed is-type-video is-provider-youtube wp-block-embed-youtube wp-embed-aspect-16-9 wp-has-aspect-ratio\"><div class=\"wp-block-embed__wrapper\">\n<div class=\"nv-iframe-embed\"><iframe title=\"RuhrSchool of Design Thinking\" width=\"1200\" height=\"675\" data-src=\"https:\/\/www.youtube.com\/embed\/OCbqujQcznA?feature=oembed\" frameborder=\"0\" allow=\"accelerometer; autoplay; clipboard-write; encrypted-media; gyroscope; picture-in-picture; web-share\" allowfullscreen src=\"data:image\/svg+xml;base64,PHN2ZyB3aWR0aD0iMSIgaGVpZ2h0PSIxIiB4bWxucz0iaHR0cDovL3d3dy53My5vcmcvMjAwMC9zdmciPjwvc3ZnPg==\" class=\"lazyload\" data-load-mode=\"1\"><\/iframe><\/div>\n<\/div><\/figure>\n\n\n\n<p class=\"has-text-align-center has-medium-font-size\">Wir haben Veranstaltungen zum Design Thinking der TU Dortmund, Universit\u00e4t Duisburg Essen und Ruhr-Universit\u00e4t Bochum zusammengetragen und werden die Studierenden gemeinsam unterst\u00fctzen. <\/p>\n\n\n\n<p class=\"has-text-align-center has-medium-font-size\">Hier ein kleiner \u00dcberblick unserer Mentor:innen und ihrer Angebote f\u00fcr euch.<\/p>\n\n\n\n<div class=\"wp-block-columns is-layout-flex wp-container-core-columns-is-layout-9d6595d7 wp-block-columns-is-layout-flex\">\n<div class=\"wp-block-column is-layout-flow wp-block-column-is-layout-flow\" style=\"flex-basis:100%\">\n<figure class=\"wp-block-embed is-type-video is-provider-youtube wp-block-embed-youtube wp-embed-aspect-16-9 wp-has-aspect-ratio\"><div class=\"wp-block-embed__wrapper\">\n<div class=\"nv-iframe-embed\"><iframe title=\"Technologiemangement TU Dortmund\" width=\"1200\" height=\"675\" data-src=\"https:\/\/www.youtube.com\/embed\/AKZKzmmfeks?feature=oembed\" frameborder=\"0\" allow=\"accelerometer; autoplay; clipboard-write; encrypted-media; gyroscope; picture-in-picture; web-share\" allowfullscreen src=\"data:image\/svg+xml;base64,PHN2ZyB3aWR0aD0iMSIgaGVpZ2h0PSIxIiB4bWxucz0iaHR0cDovL3d3dy53My5vcmcvMjAwMC9zdmciPjwvc3ZnPg==\" class=\"lazyload\" data-load-mode=\"1\"><\/iframe><\/div>\n<\/div><\/figure>\n\n\n\n<figure class=\"wp-block-embed is-type-video is-provider-youtube wp-block-embed-youtube wp-embed-aspect-16-9 wp-has-aspect-ratio\"><div class=\"wp-block-embed__wrapper\">\n<div class=\"nv-iframe-embed\"><iframe title=\"Intrapreneurship und innovative Gesch\u00e4ftsmodelle\" width=\"1200\" height=\"675\" data-src=\"https:\/\/www.youtube.com\/embed\/joCzXngbzyY?feature=oembed\" frameborder=\"0\" allow=\"accelerometer; autoplay; clipboard-write; encrypted-media; gyroscope; picture-in-picture; web-share\" allowfullscreen src=\"data:image\/svg+xml;base64,PHN2ZyB3aWR0aD0iMSIgaGVpZ2h0PSIxIiB4bWxucz0iaHR0cDovL3d3dy53My5vcmcvMjAwMC9zdmciPjwvc3ZnPg==\" class=\"lazyload\" data-load-mode=\"1\"><\/iframe><\/div>\n<\/div><\/figure>\n\n\n\n<figure class=\"wp-block-embed is-type-video is-provider-youtube wp-block-embed-youtube wp-embed-aspect-16-9 wp-has-aspect-ratio\"><div class=\"wp-block-embed__wrapper\">\n<div class=\"nv-iframe-embed\"><iframe title=\"Innovationsmanagement\" width=\"1200\" height=\"675\" data-src=\"https:\/\/www.youtube.com\/embed\/UZ0wbCgv1rU?feature=oembed\" frameborder=\"0\" allow=\"accelerometer; autoplay; clipboard-write; encrypted-media; gyroscope; picture-in-picture; web-share\" allowfullscreen src=\"data:image\/svg+xml;base64,PHN2ZyB3aWR0aD0iMSIgaGVpZ2h0PSIxIiB4bWxucz0iaHR0cDovL3d3dy53My5vcmcvMjAwMC9zdmciPjwvc3ZnPg==\" class=\"lazyload\" data-load-mode=\"1\"><\/iframe><\/div>\n<\/div><\/figure>\n\n\n\n<figure class=\"wp-block-embed is-type-video is-provider-youtube wp-block-embed-youtube wp-embed-aspect-16-9 wp-has-aspect-ratio\"><div class=\"wp-block-embed__wrapper\">\n<div class=\"nv-iframe-embed\"><iframe title=\"Berufliche Aus- und Weiterbildung\" width=\"1200\" height=\"675\" data-src=\"https:\/\/www.youtube.com\/embed\/U-v80iY0yik?feature=oembed\" frameborder=\"0\" allow=\"accelerometer; autoplay; clipboard-write; encrypted-media; gyroscope; picture-in-picture; web-share\" allowfullscreen src=\"data:image\/svg+xml;base64,PHN2ZyB3aWR0aD0iMSIgaGVpZ2h0PSIxIiB4bWxucz0iaHR0cDovL3d3dy53My5vcmcvMjAwMC9zdmciPjwvc3ZnPg==\" class=\"lazyload\" data-load-mode=\"1\"><\/iframe><\/div>\n<\/div><\/figure>\n\n\n\n<figure class=\"wp-block-embed is-type-video is-provider-youtube wp-block-embed-youtube wp-embed-aspect-16-9 wp-has-aspect-ratio\"><div class=\"wp-block-embed__wrapper\">\n<div class=\"nv-iframe-embed\"><iframe title=\"Digitale Transformation\" width=\"1200\" height=\"675\" data-src=\"https:\/\/www.youtube.com\/embed\/iWx6tHJtPbE?feature=oembed\" frameborder=\"0\" allow=\"accelerometer; autoplay; clipboard-write; encrypted-media; gyroscope; picture-in-picture; web-share\" allowfullscreen src=\"data:image\/svg+xml;base64,PHN2ZyB3aWR0aD0iMSIgaGVpZ2h0PSIxIiB4bWxucz0iaHR0cDovL3d3dy53My5vcmcvMjAwMC9zdmciPjwvc3ZnPg==\" class=\"lazyload\" data-load-mode=\"1\"><\/iframe><\/div>\n<\/div><\/figure>\n<\/div>\n\n\n\n<div class=\"wp-block-column is-layout-flow wp-block-column-is-layout-flow\" style=\"flex-basis:100%\">\n<figure class=\"wp-block-embed is-type-video is-provider-youtube wp-block-embed-youtube wp-embed-aspect-16-9 wp-has-aspect-ratio\"><div class=\"wp-block-embed__wrapper\">\n<div class=\"nv-iframe-embed\"><iframe title=\"Makerspace Ruhr-Universit\u00e4t Bochum\" width=\"1200\" height=\"675\" data-src=\"https:\/\/www.youtube.com\/embed\/DX7nVnpyfQg?feature=oembed\" frameborder=\"0\" allow=\"accelerometer; autoplay; clipboard-write; encrypted-media; gyroscope; picture-in-picture; web-share\" allowfullscreen src=\"data:image\/svg+xml;base64,PHN2ZyB3aWR0aD0iMSIgaGVpZ2h0PSIxIiB4bWxucz0iaHR0cDovL3d3dy53My5vcmcvMjAwMC9zdmciPjwvc3ZnPg==\" class=\"lazyload\" data-load-mode=\"1\"><\/iframe><\/div>\n<\/div><\/figure>\n\n\n\n<figure class=\"wp-block-embed is-type-video is-provider-youtube wp-block-embed-youtube wp-embed-aspect-16-9 wp-has-aspect-ratio\"><div class=\"wp-block-embed__wrapper\">\n<div class=\"nv-iframe-embed\"><iframe title=\"Industrial Sales and Service Engineering\" width=\"1200\" height=\"675\" data-src=\"https:\/\/www.youtube.com\/embed\/TnOb6yYGr4Y?feature=oembed\" frameborder=\"0\" allow=\"accelerometer; autoplay; clipboard-write; encrypted-media; gyroscope; picture-in-picture; web-share\" allowfullscreen src=\"data:image\/svg+xml;base64,PHN2ZyB3aWR0aD0iMSIgaGVpZ2h0PSIxIiB4bWxucz0iaHR0cDovL3d3dy53My5vcmcvMjAwMC9zdmciPjwvc3ZnPg==\" class=\"lazyload\" data-load-mode=\"1\"><\/iframe><\/div>\n<\/div><\/figure>\n\n\n\n<figure class=\"wp-block-embed is-type-video is-provider-youtube wp-block-embed-youtube wp-embed-aspect-16-9 wp-has-aspect-ratio\"><div class=\"wp-block-embed__wrapper\">\n<div class=\"nv-iframe-embed\"><iframe title=\"Entrepreneurship und Digitalisierung\" width=\"1200\" height=\"675\" data-src=\"https:\/\/www.youtube.com\/embed\/m--3nkw6kRM?feature=oembed\" frameborder=\"0\" allow=\"accelerometer; autoplay; clipboard-write; encrypted-media; gyroscope; picture-in-picture; web-share\" allowfullscreen src=\"data:image\/svg+xml;base64,PHN2ZyB3aWR0aD0iMSIgaGVpZ2h0PSIxIiB4bWxucz0iaHR0cDovL3d3dy53My5vcmcvMjAwMC9zdmciPjwvc3ZnPg==\" class=\"lazyload\" data-load-mode=\"1\"><\/iframe><\/div>\n<\/div><\/figure>\n\n\n\n<figure class=\"wp-block-embed is-type-video is-provider-youtube wp-block-embed-youtube wp-embed-aspect-16-9 wp-has-aspect-ratio\"><div class=\"wp-block-embed__wrapper\">\n<div class=\"nv-iframe-embed\"><iframe title=\"Soziotechnisches Systemdesign und K\u00fcnstliche Intelligenz\" width=\"1200\" height=\"675\" data-src=\"https:\/\/www.youtube.com\/embed\/pVtEAiw5DxE?feature=oembed\" frameborder=\"0\" allow=\"accelerometer; autoplay; clipboard-write; encrypted-media; gyroscope; picture-in-picture; web-share\" allowfullscreen src=\"data:image\/svg+xml;base64,PHN2ZyB3aWR0aD0iMSIgaGVpZ2h0PSIxIiB4bWxucz0iaHR0cDovL3d3dy53My5vcmcvMjAwMC9zdmciPjwvc3ZnPg==\" class=\"lazyload\" data-load-mode=\"1\"><\/iframe><\/div>\n<\/div><\/figure>\n\n\n\n<figure class=\"wp-block-image size-large\"><img decoding=\"async\" width=\"1024\" height=\"576\" data-src=\"https:\/\/www.isse.ruhr-uni-bochum.de\/ruhr-school-of-design-thinking\/wp-content\/uploads\/sites\/5\/2022\/12\/Karsten_MentorInn-1024x576.png\" alt=\"\" class=\"wp-image-418 lazyload\" data-srcset=\"https:\/\/www.isse.ruhr-uni-bochum.de\/ruhr-school-of-design-thinking\/wp-content\/uploads\/sites\/5\/2022\/12\/Karsten_MentorInn-1024x576.png 1024w, https:\/\/www.isse.ruhr-uni-bochum.de\/ruhr-school-of-design-thinking\/wp-content\/uploads\/sites\/5\/2022\/12\/Karsten_MentorInn-300x169.png 300w, https:\/\/www.isse.ruhr-uni-bochum.de\/ruhr-school-of-design-thinking\/wp-content\/uploads\/sites\/5\/2022\/12\/Karsten_MentorInn-768x432.png 768w, https:\/\/www.isse.ruhr-uni-bochum.de\/ruhr-school-of-design-thinking\/wp-content\/uploads\/sites\/5\/2022\/12\/Karsten_MentorInn.png 1480w\" data-sizes=\"(max-width: 1024px) 100vw, 1024px\" src=\"data:image\/svg+xml;base64,PHN2ZyB3aWR0aD0iMSIgaGVpZ2h0PSIxIiB4bWxucz0iaHR0cDovL3d3dy53My5vcmcvMjAwMC9zdmciPjwvc3ZnPg==\" style=\"--smush-placeholder-width: 1024px; --smush-placeholder-aspect-ratio: 1024\/576;\" \/><\/figure>\n<\/div>\n<\/div>\n\n\n\n<div style=\"height:80px\" aria-hidden=\"true\" class=\"wp-block-spacer\"><\/div>\n\n\n\n<h3 class=\"wp-block-heading\">Hier Anmeldung zu den Mentor:innen<\/h3>\n\n\n\n<div class=\"wpcf7 no-js\" id=\"wpcf7-f475-o1\" lang=\"de-DE\" dir=\"ltr\" data-wpcf7-id=\"475\">\n<div class=\"screen-reader-response\"><p role=\"status\" aria-live=\"polite\" aria-atomic=\"true\"><\/p> <ul><\/ul><\/div>\n<form action=\"\/ruhr-school-of-design-thinking\/wp-json\/wp\/v2\/pages\/32#wpcf7-f475-o1\" method=\"post\" class=\"wpcf7-form init\" aria-label=\"Kontaktformular\" novalidate=\"novalidate\" data-status=\"init\">\n<fieldset class=\"hidden-fields-container\"><input type=\"hidden\" name=\"_wpcf7\" value=\"475\" \/><input type=\"hidden\" name=\"_wpcf7_version\" value=\"6.1.5\" \/><input type=\"hidden\" name=\"_wpcf7_locale\" value=\"de_DE\" \/><input type=\"hidden\" name=\"_wpcf7_unit_tag\" value=\"wpcf7-f475-o1\" \/><input type=\"hidden\" name=\"_wpcf7_container_post\" value=\"0\" \/><input type=\"hidden\" name=\"_wpcf7_posted_data_hash\" value=\"\" \/>\n<\/fieldset>\n<p><label> Von welcher Uni kommt ihr?<br \/>\n<span class=\"wpcf7-form-control-wrap\" data-name=\"Standort\"><select class=\"wpcf7-form-control wpcf7-select\" aria-invalid=\"false\" name=\"Standort\"><option value=\"TU Dortmund\">TU Dortmund<\/option><option value=\"RUB\">RUB<\/option><option value=\"UDE\">UDE<\/option><option value=\"Andere\">Andere<\/option><\/select><\/span> <\/label>\n<\/p>\n<p><label> Aus welchem Kurs kommt ihr?<br \/>\n<span class=\"wpcf7-form-control-wrap\" data-name=\"course\"><input size=\"40\" maxlength=\"400\" class=\"wpcf7-form-control wpcf7-text wpcf7-validates-as-required\" aria-required=\"true\" aria-invalid=\"false\" value=\"\" type=\"text\" name=\"course\" \/><\/span> <\/label>\n<\/p>\n<p><label> Gruppenname<br \/>\n<span class=\"wpcf7-form-control-wrap\" data-name=\"your-name\"><input size=\"40\" maxlength=\"400\" class=\"wpcf7-form-control wpcf7-text wpcf7-validates-as-required\" aria-required=\"true\" aria-invalid=\"false\" value=\"\" type=\"text\" name=\"your-name\" \/><\/span> <\/label>\n<\/p>\n<p><label> Deine E-Mail-Adresse<br \/>\n<span class=\"wpcf7-form-control-wrap\" data-name=\"your-email\"><input size=\"40\" maxlength=\"400\" class=\"wpcf7-form-control wpcf7-email wpcf7-validates-as-required wpcf7-text wpcf7-validates-as-email\" aria-required=\"true\" aria-invalid=\"false\" value=\"\" type=\"email\" name=\"your-email\" \/><\/span> <\/label>\n<\/p>\n<p>Welche 3 MentorInn-Angebote m\u00f6chtet ihr nutzen?\n<\/p>\n<p>Wunsch 1<br \/>\n<span class=\"wpcf7-form-control-wrap\" data-name=\"Mentor_innen_Prio1\"><select class=\"wpcf7-form-control wpcf7-select\" aria-invalid=\"false\" name=\"Mentor_innen_Prio1\"><option value=\"bitte ausw\u00e4hlen\">bitte ausw\u00e4hlen<\/option><option value=\"Technologiemanagement (Tessa Flatten, TUD)\">Technologiemanagement (Tessa Flatten, TUD)<\/option><option value=\"Maker Space (Ruhr Universit\u00e4t Bochum)\">Maker Space (Ruhr Universit\u00e4t Bochum)<\/option><option value=\"Industrial Sales and Service Engineering (Jens P\u00f6ppelbu\u00df, RUB)\">Industrial Sales and Service Engineering (Jens P\u00f6ppelbu\u00df, RUB)<\/option><option value=\"Innovationsmanagement (Steffen Strese, TUD)\">Innovationsmanagement (Steffen Strese, TUD)<\/option><option value=\"Entrepreneurship &amp; Digitalisierung (Simon Hensellek, TUD)\">Entrepreneurship &amp; Digitalisierung (Simon Hensellek, TUD)<\/option><option value=\"Soziotechn. Systemdesign und KI (Christian Meske, RUB)\">Soziotechn. Systemdesign und KI (Christian Meske, RUB)<\/option><option value=\"Berufliche Aus- und Weiterbildung (Esther Winther, UDE)\">Berufliche Aus- und Weiterbildung (Esther Winther, UDE)<\/option><option value=\"Digitale Transformation (Manuel Wiesche, TUD)\">Digitale Transformation (Manuel Wiesche, TUD)<\/option><option value=\"Uniaktiv (Karsten Altenschmidt, UDE)\">Uniaktiv (Karsten Altenschmidt, UDE)<\/option><option value=\"Entrepreneurship und innovative Gesch\u00e4ftsmodelle (Stefanie Br\u00f6ring, RUB)\">Entrepreneurship und innovative Gesch\u00e4ftsmodelle (Stefanie Br\u00f6ring, RUB)<\/option><\/select><\/span>\n<\/p>\n<p><label> Wunsch 2<br \/>\n<span class=\"wpcf7-form-control-wrap\" data-name=\"Mentor_innen_Prio2\"><select class=\"wpcf7-form-control wpcf7-select\" aria-invalid=\"false\" name=\"Mentor_innen_Prio2\"><option value=\"bitte ausw\u00e4hlen\">bitte ausw\u00e4hlen<\/option><option value=\"Technologiemanagement (Tessa Flatten, TUD)\">Technologiemanagement (Tessa Flatten, TUD)<\/option><option value=\"Maker Space (Ruhr Universit\u00e4t Bochum)\">Maker Space (Ruhr Universit\u00e4t Bochum)<\/option><option value=\"Industrial Sales and Service Engineering (Jens P\u00f6ppelbu\u00df, RUB)\">Industrial Sales and Service Engineering (Jens P\u00f6ppelbu\u00df, RUB)<\/option><option value=\"Innovationsmanagement (Steffen Strese, TUD)\">Innovationsmanagement (Steffen Strese, TUD)<\/option><option value=\"Entrepreneurship &amp; Digitalisierung (Simon Hensellek, TUD)\">Entrepreneurship &amp; Digitalisierung (Simon Hensellek, TUD)<\/option><option value=\"Soziotechn. Systemdesign und KI (Christian Meske, RUB)\">Soziotechn. Systemdesign und KI (Christian Meske, RUB)<\/option><option value=\"Berufliche Aus- und Weiterbildung (Esther Winther, UDE)\">Berufliche Aus- und Weiterbildung (Esther Winther, UDE)<\/option><option value=\"Digitale Transformation (Manuel Wiesche, TUD)\">Digitale Transformation (Manuel Wiesche, TUD)<\/option><option value=\"Uniaktiv (Karsten Altenschmidt, UDE)\">Uniaktiv (Karsten Altenschmidt, UDE)<\/option><option value=\"Entrepreneurship und innovative Gesch\u00e4ftsmodelle (Stefanie Br\u00f6ring, RUB)\">Entrepreneurship und innovative Gesch\u00e4ftsmodelle (Stefanie Br\u00f6ring, RUB)<\/option><\/select><\/span> <\/label>\n<\/p>\n<p><label> Wunsch 3<br \/>\n<span class=\"wpcf7-form-control-wrap\" data-name=\"Mentor_innen_Prio3\"><select class=\"wpcf7-form-control wpcf7-select\" aria-invalid=\"false\" name=\"Mentor_innen_Prio3\"><option value=\"bitte ausw\u00e4hlen\">bitte ausw\u00e4hlen<\/option><option value=\"Technologiemanagement (Tessa Flatten, TUD)\">Technologiemanagement (Tessa Flatten, TUD)<\/option><option value=\"Maker Space (Ruhr Universit\u00e4t Bochum)\">Maker Space (Ruhr Universit\u00e4t Bochum)<\/option><option value=\"Industrial Sales and Service Engineering (Jens P\u00f6ppelbu\u00df, RUB)\">Industrial Sales and Service Engineering (Jens P\u00f6ppelbu\u00df, RUB)<\/option><option value=\"Innovationsmanagement (Steffen Strese, TUD)\">Innovationsmanagement (Steffen Strese, TUD)<\/option><option value=\"Entrepreneurship &amp; Digitalisierung (Simon Hensellek, TUD)\">Entrepreneurship &amp; Digitalisierung (Simon Hensellek, TUD)<\/option><option value=\"Soziotechn. Systemdesign und KI (Christian Meske, RUB)\">Soziotechn. Systemdesign und KI (Christian Meske, RUB)<\/option><option value=\"Berufliche Aus- und Weiterbildung (Esther Winther, UDE)\">Berufliche Aus- und Weiterbildung (Esther Winther, UDE)<\/option><option value=\"Digitale Transformation (Manuel Wiesche, TUD)\">Digitale Transformation (Manuel Wiesche, TUD)<\/option><option value=\"Uniaktiv (Karsten Altenschmidt, UDE)\">Uniaktiv (Karsten Altenschmidt, UDE)<\/option><option value=\"Entrepreneurship und innovative Gesch\u00e4ftsmodelle (Stefanie Br\u00f6ring, RUB)\">Entrepreneurship und innovative Gesch\u00e4ftsmodelle (Stefanie Br\u00f6ring, RUB)<\/option><\/select><\/span> <\/label>\n<\/p>\n<p><label> Kommentare (optional)<br \/>\n<span class=\"wpcf7-form-control-wrap\" data-name=\"Kommentare\"><textarea cols=\"40\" rows=\"10\" maxlength=\"2000\" class=\"wpcf7-form-control wpcf7-textarea\" aria-invalid=\"false\" name=\"Kommentare\"><\/textarea><\/span> <\/label>\n<\/p>\n<p><br \/>\n<span class=\"wpcf7-form-control-wrap\" data-name=\"hcap-cf7\">\t\t<input\n\t\t\t\ttype=\"hidden\"\n\t\t\t\tclass=\"hcaptcha-widget-id\"\n\t\t\t\tname=\"hcaptcha-widget-id\"\n\t\t\t\tvalue=\"eyJzb3VyY2UiOlsiY29udGFjdC1mb3JtLTdcL3dwLWNvbnRhY3QtZm9ybS03LnBocCJdLCJmb3JtX2lkIjowfQ==-8273534268896bb3632dece05ed87541\">\n\t\t\t\t<span id=\"hcap_cf7-69e00855168f39.33183332\" class=\"wpcf7-form-control h-captcha \"\n\t\t\tdata-sitekey=\"6468c7c7-0610-430c-a802-53590b02a61d\"\n\t\t\tdata-theme=\"dark\"\n\t\t\tdata-size=\"normal\"\n\t\t\tdata-auto=\"false\"\n\t\t\tdata-ajax=\"false\"\n\t\t\tdata-force=\"false\">\n\t\t<\/span>\n\t\t<input type=\"hidden\" id=\"_wpnonce\" name=\"_wpnonce\" value=\"0e0187fd09\" \/><input type=\"hidden\" name=\"_wp_http_referer\" value=\"\/ruhr-school-of-design-thinking\/wp-json\/wp\/v2\/pages\/32\" \/><\/span><input class=\"wpcf7-form-control wpcf7-submit has-spinner\" type=\"submit\" value=\"Senden\" \/>\n<\/p><div class=\"wpcf7-response-output\" aria-hidden=\"true\"><\/div>\n<\/form>\n<\/div>\n\n\n\n\n<p><\/p>\n\n\n\n<div style=\"height:80px\" aria-hidden=\"true\" class=\"wp-block-spacer\"><\/div>\n<\/div><\/div>\n\n\n\n<h2 class=\"wp-block-heading\"><\/h2>\n","protected":false},"excerpt":{"rendered":"","protected":false},"author":1,"featured_media":0,"parent":0,"menu_order":0,"comment_status":"closed","ping_status":"closed","template":"","meta":{"inline_featured_image":false,"neve_meta_sidebar":"","neve_meta_container":"","neve_meta_enable_content_width":"on","neve_meta_content_width":100,"neve_meta_title_alignment":"","neve_meta_author_avatar":"","neve_post_elements_order":"","neve_meta_disable_header":"","neve_meta_disable_footer":"","neve_meta_disable_title":"on","footnotes":""},"class_list":["post-32","page","type-page","status-publish","hentry"],"_links":{"self":[{"href":"https:\/\/www.isse.ruhr-uni-bochum.de\/ruhr-school-of-design-thinking\/wp-json\/wp\/v2\/pages\/32","targetHints":{"allow":["GET"]}}],"collection":[{"href":"https:\/\/www.isse.ruhr-uni-bochum.de\/ruhr-school-of-design-thinking\/wp-json\/wp\/v2\/pages"}],"about":[{"href":"https:\/\/www.isse.ruhr-uni-bochum.de\/ruhr-school-of-design-thinking\/wp-json\/wp\/v2\/types\/page"}],"author":[{"embeddable":true,"href":"https:\/\/www.isse.ruhr-uni-bochum.de\/ruhr-school-of-design-thinking\/wp-json\/wp\/v2\/users\/1"}],"replies":[{"embeddable":true,"href":"https:\/\/www.isse.ruhr-uni-bochum.de\/ruhr-school-of-design-thinking\/wp-json\/wp\/v2\/comments?post=32"}],"version-history":[{"count":5,"href":"https:\/\/www.isse.ruhr-uni-bochum.de\/ruhr-school-of-design-thinking\/wp-json\/wp\/v2\/pages\/32\/revisions"}],"predecessor-version":[{"id":532,"href":"https:\/\/www.isse.ruhr-uni-bochum.de\/ruhr-school-of-design-thinking\/wp-json\/wp\/v2\/pages\/32\/revisions\/532"}],"wp:attachment":[{"href":"https:\/\/www.isse.ruhr-uni-bochum.de\/ruhr-school-of-design-thinking\/wp-json\/wp\/v2\/media?parent=32"}],"curies":[{"name":"wp","href":"https:\/\/api.w.org\/{rel}","templated":true}]}}